est common divisor of 13974 and 307530.
102
Calculate the greatest common divisor of 190353 and 30243.
1779
What is the highest common factor of 2639 and 406667?
29
What is the highest common factor of 53 and 3482584261?
53
What is the highest common factor of 19633053 and 23529?
759
Calculate the highest common divisor of 99163 and 3859873.
1871
Calculate the greatest common divisor of 51292703 and 308.
77
Calculate the highest common divisor of 61568680 and 120.
40
What is the highest common divisor of 1378998720 and 5760?
2880
Calculate the greatest common factor of 40 and 756033640.
40
Calculate the highest common divisor of 781196 and 255268.
52
What is the highest common divisor of 1342090 and 5212?
2606
What is the highest common factor of 1 and 1583504?
1
Calculate the highest common factor of 259 and 3843264.
37
What is the highest common factor of 120713747 and 154?
77
What is the greatest common divisor of 3136941080 and 1820?
1820
What is the greatest common divisor of 802735 and 65160?
905
What is the greatest common factor of 433939 and 40788?
1133
Calculate the greatest common factor of 1348314 and 108438.
2046
Calculate the highest common factor of 42114362 and 44714.
566
Calculate the greatest common factor of 10 and 30928510.
10
What is the greatest common factor of 88942569 and 3183?
3183
Calculate the highest common divisor of 3096 and 7378416.
72
What is the greatest common divisor of 68110 and 1148?
14
What is the greatest common divisor of 4233 and 8684705?
1411
Calculate the highest common factor of 1607307 and 78.
39
What is the highest common factor of 7 and 2534189?
7
What is the greatest common factor of 1450788 and 4344?
12
What is the highest common factor of 392997540 and 780?
780
Calculate the highest common factor of 14094660 and 29524.
244
Calculate the greatest common divisor of 184529472 and 64.
64
Calculate the greatest common divisor of 726705891 and 53148.
13287
Calculate the greatest common factor of 478715 and 40.
5
What is the greatest common factor of 166 and 223502?
2
What is the greatest common divisor of 552 and 72698952?
552
Calculate the greatest common factor of 252 and 14667975.
63
Calculate the highest common divisor of 105298 and 611902.
326
Calculate the greatest common factor of 11824 and 79888.
16
Calculate the greatest common factor of 16944740 and 20.
20
What is the greatest common factor of 283680230 and 10?
10
What is the greatest common divisor of 100 and 677795900?
100
Calculate the highest common divisor of 27045257 and 235.
47
What is the highest common divisor of 20736 and 3484944?
1296
Calculate the greatest common divisor of 60301 and 247925.
47
What is the greatest common factor of 2134 and 7803631?
11
Calculate the greatest common divisor of 774436 and 1742.
26
What is the highest common divisor of 474564 and 71994?
426
Calculate the highest common factor of 132135 and 10337170.
1915
What is the highest common factor of 7068 and 21877320?
372
What is the greatest common divisor of 1650016 and 224?
32
What is the greatest common factor of 881769945 and 1108?
277
Calculate the highest common factor of 3198691 and 113.
113
Calculate the greatest common divisor of 39408 and 35906435.
821
Calculate the greatest common factor of 3553304 and 485.
97
What is the highest common divisor of 230778601 and 1457?
1457
Calculate the greatest common factor of 21124 and 612.
4
Calculate the highest common factor of 32521 and 1004325.
1913
What is the greatest common divisor of 28315 and 321173?
809
What is the greatest common divisor of 6 and 611654?
2
Calculate the greatest common divisor of 3429 and 3761352396.
3429
Calculate the greatest common factor of 5382 and 12754742.
598
Calculate the greatest common divisor of 17132689 and 14.
7
Calculate the highest common divisor of 990944 and 36874.
358
What is the highest common factor of 857 and 640479807?
857
What is the greatest common divisor of 500 and 6750500?
500
Calculate the greatest common divisor of 3168 and 1527548.
44
What is the greatest common factor of 66858801 and 45616?
2851
What is the highest common divisor of 19 and 573681041?
19
What is the highest common divisor of 2322 and 43898571?
1161
Calculate the highest common factor of 207079840 and 440.
440
Calculate the greatest common factor of 721691808 and 1021.
1021
What is the highest common factor of 3432 and 7928184?
264
What is the highest common factor of 836350 and 1150?
50
Calculate the highest common factor of 125502 and 437970.
78
What is the greatest common divisor of 13847048 and 760?
152
Calculate the greatest common factor of 27195874 and 122.
122
What is the greatest common factor of 1027855 and 10576?
661
What is the highest common factor of 112654477 and 304?
19
What is the greatest common factor of 174833183 and 14?
7
Calculate the greatest common factor of 222 and 17598976.
74
What is the highest common factor of 93304989 and 63?
9
What is the highest common divisor of 16072914 and 29868?
786
What is the highest common factor of 15655065 and 345?
345
Calculate the greatest common factor of 320 and 3342320.
80
What is the highest common divisor of 1046744 and 84?
4
What is the greatest common divisor of 170 and 558571210?
170
Calculate the greatest common divisor of 319 and 16500033.
11
Calculate the greatest common factor of 7664049 and 171.
171
Calculate the greatest common factor of 8560 and 37879760.
80
Calculate the highest common divisor of 46557624 and 24.
24
What is the highest common divisor of 5880 and 260495270?
490
What is the greatest common factor of 585365 and 3205?
5
Calculate the highest common divisor of 33258251 and 13.
13
Calculate the highest common divisor of 135078 and 1331322.
282
What is the greatest common divisor of 308 and 35204176?
28
Calculate the greatest common divisor of 54 and 489666.
6
Calculate the highest common factor of 1159405 and 1040.
65
What is the highest common factor of 4684295 and 554323?
1771
Calculate the highest common divisor of 570 and 4773940.
190
What is the highest common divisor of 4123192 and 11392?
712
What is the highest common divisor of 57642334 and 164246?
4006
Calculate the highest common divisor of 11464697 and 4109.
587
What is the greatest common divisor of 6 and 160374?
6
Calculate the greatest common factor of 350 and 2101225.
175
What is the highest common factor of 252 and 1478918?
14
What is the highest common factor of 39755652 and 3660?
732
Calculate the highest common factor of 14622324 and 24.
12
Calculate the greatest common divisor of 41 and 37723485.
41
Calculate the greatest common factor of 101778989 and 92211.
4391
What is the highest common factor of 114 and 659557374?
114
Calculate the greatest common factor of 227 and 8083.
1
What is the highest common divisor of 9570 and 1052370?
330
Calculate the greatest common divisor of 6 and 16043574.
6
What is the greatest common factor of 587216 and 616371?
343
What is the greatest common factor of 855 and 11754255?
285
What is the greatest common divisor of 304 and 429614?
2
What is the highest common divisor of 16410 and 152066?
1094
What is the highest common divisor of 275333377 and 374?
187
What is the highest common factor of 704 and 150185552?
176
Calculate the highest common factor of 13391026 and 71.
71
What is the greatest common divisor of 904 and 13770632?
904
What is the highest common divisor of 28455 and 502448905?
9485
What is the greatest common factor of 35 and 8509810?
5
What is the highest common factor of 151200 and 126840?
840
What is the highest common divisor of 780 and 205998260?
260
What is the highest common factor of 15229598 and 188?
94
What is the greatest common divisor of 84725592 and 113?
113
What is the greatest common divisor of 216074192 and 4854?
1618
What is the highest common divisor of 794544 and 18192?
48
Calculate the highest common divisor of 227044 and 576765.
1831
Calculate the greatest common factor of 2744841 and 4224.
33
What is the highest common divisor of 565 and 18131528?
113
Calculate the highest common divisor of 82 and 1494414822.
82
What is the greatest common divisor of 2974 and 472244434?
2974
Calculate the highest common divisor of 425 and 25028760.
85
Calculate the greates